{"id":75,"date":"2024-11-21T13:28:04","date_gmt":"2024-11-21T12:28:04","guid":{"rendered":"https:\/\/werteunion.s4008.hqgmbh.eu\/?page_id=75"},"modified":"2024-11-21T13:28:49","modified_gmt":"2024-11-21T12:28:49","slug":"startseite","status":"publish","type":"page","link":"https:\/\/werteunion.s4008.hqgmbh.eu\/","title":{"rendered":"Startseite"},"content":{"rendered":"\t\t<div data-elementor-type=\"wp-page\" data-elementor-id=\"75\" class=\"elementor elementor-75\" data-elementor-post-type=\"page\">\n\t\t\t\t<div class=\"elementor-element elementor-element-586f1601 e-flex e-con-boxed e-con e-parent\" data-id=\"586f1601\" data-element_type=\"container\" data-settings=\"{&quot;background_background&quot;:&quot;classic&quot;}\">\n\t\t\t\t\t<div class=\"e-con-inner\">\n\t\t<div class=\"elementor-element elementor-element-11ec6cc4 e-flex e-con-boxed e-con e-child\" data-id=\"11ec6cc4\" data-element_type=\"container\">\n\t\t\t\t\t<div class=\"e-con-inner\">\n\t\t<div class=\"elementor-element elementor-element-70fe1e2b e-con-full e-flex e-con e-child\" data-id=\"70fe1e2b\" data-element_type=\"container\">\n\t\t\t\t<div class=\"elementor-element elementor-element-156cffe9 elementor-widget elementor-widget-text-editor\" data-id=\"156cffe9\" data-element_type=\"widget\" data-widget_type=\"text-editor.default\">\n\t\t\t\t<div class=\"elementor-widget-container\">\n\t\t\t\t\t\t\t<h2 style=\"font-size: 20px;\"><strong>Liebe&nbsp; Besucher der WerteUnion Th\u00fcringen,<\/strong><\/h2>\n<p>herzlich willkommen auf der offiziellen Webseite des Landesverbandes Th\u00fcringen der Werteunion! Hier finden Sie alle Informationen zu unserer politischen Arbeit, unseren Zielen und unserem Engagement f\u00fcr ein starkes und zukunftsorientiertes Th\u00fcringen.<\/p>\n<p>Im Mittelpunkt unserer Bestrebungen steht unser Spitzenkandidat Albert Weiler. Als erfahrener Politiker und leidenschaftlicher Verfechter konservativer Werte setzt er sich mit ganzer Kraft f\u00fcr die Belange der B\u00fcrgerinnen und B\u00fcrger Th\u00fcringens ein. Unter seiner F\u00fchrung streben wir danach, die Prinzipien der sozialen Marktwirtschaft, der Rechtsstaatlichkeit und der christlich-abendl\u00e4ndischen Kultur zu bewahren und zu f\u00f6rdern.&nbsp;<\/p>\n<p><\/p>\t\t\t\t\t\t<\/div>\n\t\t\t\t<\/div>\n\t\t\t\t<\/div>\n\t\t<div class=\"elementor-element elementor-element-453ffc02 e-con-full e-flex e-con e-child\" data-id=\"453ffc02\" data-element_type=\"container\">\n\t\t\t\t<\/div>\n\t\t<div class=\"elementor-element elementor-element-43afd1f3 e-con-full e-flex e-con e-child\" data-id=\"43afd1f3\" data-element_type=\"container\">\n\t\t\t\t<div class=\"elementor-element elementor-element-4e4d3ce4 elementor-widget elementor-widget-text-editor\" data-id=\"4e4d3ce4\" data-element_type=\"widget\" data-widget_type=\"text-editor.default\">\n\t\t\t\t<div class=\"elementor-widget-container\">\n\t\t\t\t\t\t\t<h2 style=\"font-size: 18px;\"><strong>M\u00f6chten Sie die WerteUnion Th\u00fcringen direkt unterst\u00fctzen?<\/strong><\/h2><p>Wenn Sie die WerteUnion Th\u00fcringen unterst\u00fctzen m\u00f6chten, freuen wir uns \u00fcber jede Spende. Besuchen Sie einfach unsere Spendenseite und folgen Sie den Anweisungen zur Spende. Zusammen k\u00f6nnen wir positive Ver\u00e4nderungen bewirken und eine bessere Zukunft f\u00fcr alle schaffen. Vielen Dank f\u00fcr Ihr Vertrauen und Ihre Unterst\u00fctzung!<\/p>\t\t\t\t\t\t<\/div>\n\t\t\t\t<\/div>\n\t\t\t\t<div class=\"elementor-element elementor-element-36f12ed4 elementor-align-justify elementor-mobile-align-center elementor-widget elementor-widget-button\" data-id=\"36f12ed4\" data-element_type=\"widget\" data-widget_type=\"button.default\">\n\t\t\t\t<div class=\"elementor-widget-container\">\n\t\t\t\t\t\t\t<div class=\"elementor-button-wrapper\">\n\t\t\t\t\t<a class=\"elementor-button elementor-button-link elementor-size-sm\" href=\"\/spenden\/\">\n\t\t\t\t\t\t<span class=\"elementor-button-content-wrapper\">\n\t\t\t\t\t\t\t\t\t<span class=\"elementor-button-text\">jetzt spenden<\/span>\n\t\t\t\t\t<\/span>\n\t\t\t\t\t<\/a>\n\t\t\t\t<\/div>\n\t\t\t\t\t\t<\/div>\n\t\t\t\t<\/div>\n\t\t\t\t<\/div>\n\t\t\t\t\t<\/div>\n\t\t\t\t<\/div>\n\t\t\t\t\t<\/div>\n\t\t\t\t<\/div>\n\t\t<div class=\"elementor-element elementor-element-55c49fa3 e-flex e-con-boxed e-con e-parent\" data-id=\"55c49fa3\" data-element_type=\"container\">\n\t\t\t\t\t<div class=\"e-con-inner\">\n\t\t<div class=\"elementor-element elementor-element-7a9f2e86 e-con-full e-flex e-con e-child\" data-id=\"7a9f2e86\" data-element_type=\"container\">\n\t\t\t\t<div class=\"elementor-element elementor-element-462a2ad9 elementor-widget elementor-widget-image\" data-id=\"462a2ad9\" data-element_type=\"widget\" data-widget_type=\"image.default\">\n\t\t\t\t<div class=\"elementor-widget-container\">\n\t\t\t\t\t\t\t\t\t\t\t\t\t<img decoding=\"async\" width=\"300\" height=\"97\" src=\"https:\/\/werteunion.s4008.hqgmbh.eu\/wp-content\/uploads\/2024\/11\/a_w_logo.png\" class=\"attachment-full size-full wp-image-76\" alt=\"\" \/>\t\t\t\t\t\t\t\t\t\t\t\t\t<\/div>\n\t\t\t\t<\/div>\n\t\t\t\t<div class=\"elementor-element elementor-element-7a6632d9 elementor-widget elementor-widget-text-editor\" data-id=\"7a6632d9\" data-element_type=\"widget\" data-widget_type=\"text-editor.default\">\n\t\t\t\t<div class=\"elementor-widget-container\">\n\t\t\t\t\t\t\t<p>Mit seiner langj\u00e4hrigen politischen Erfahrung und seinem Engagement f\u00fcr eine klare und bodenst\u00e4ndige Politik, setzt Weiler auf traditionelle Werte wie Familie, Sicherheit und wirtschaftliche Stabilit\u00e4t. Sein Ziel ist es, Th\u00fcringen zu einem Ort zu machen, an dem diese Werte gelebt und gesch\u00e4tzt werden.<\/p><p>Im Interview mit Pressesprecherin Frau Stockmann geht es um die Frage, was Albert Weiler als Spitzenkandidat der WerteUnion im Th\u00fcringer Landtag umsetzen will.<\/p>\t\t\t\t\t\t<\/div>\n\t\t\t\t<\/div>\n\t\t\t\t<\/div>\n\t\t<div class=\"elementor-element elementor-element-1326f46f e-con-full e-flex e-con e-child\" data-id=\"1326f46f\" data-element_type=\"container\">\n\t\t\t\t<div class=\"elementor-element elementor-element-1fe34818 elementor-widget elementor-widget-video\" data-id=\"1fe34818\" data-element_type=\"widget\" data-settings=\"{&quot;youtube_url&quot;:&quot;https:\\\/\\\/youtu.be\\\/wKxuE-9nPUg?si=ehWsmMx_HiGUbv2B&quot;,&quot;show_image_overlay&quot;:&quot;yes&quot;,&quot;image_overlay&quot;:{&quot;url&quot;:&quot;https:\\\/\\\/werteunion.s4008.hqgmbh.eu\\\/wp-content\\\/uploads\\\/2024\\\/11\\\/Thumbnail-Albert-Weiler-WU.jpg&quot;,&quot;id&quot;:77,&quot;size&quot;:&quot;&quot;},&quot;video_type&quot;:&quot;youtube&quot;,&quot;controls&quot;:&quot;yes&quot;}\" data-widget_type=\"video.default\">\n\t\t\t\t<div class=\"elementor-widget-container\">\n\t\t\t\t\t<div class=\"elementor-wrapper elementor-open-inline\">\n\t\t\t<div class=\"elementor-video\"><\/div>\t\t\t\t<div class=\"elementor-custom-embed-image-overlay\" style=\"background-image: url(https:\/\/werteunion.s4008.hqgmbh.eu\/wp-content\/uploads\/2024\/11\/Thumbnail-Albert-Weiler-WU.jpg);\">\n\t\t\t\t\t\t\t\t\t\t\t\t\t\t\t\t<div class=\"elementor-custom-embed-play\" role=\"button\" aria-label=\"Play Video\" tabindex=\"0\">\n\t\t\t\t\t\t\t<svg aria-hidden=\"true\" class=\"e-font-icon-svg e-eicon-play\" viewBox=\"0 0 1000 1000\" xmlns=\"http:\/\/www.w3.org\/2000\/svg\"><path d=\"M838 162C746 71 633 25 500 25 371 25 258 71 163 162 71 254 25 367 25 500 25 633 71 746 163 837 254 929 367 979 500 979 633 979 746 933 838 837 929 746 975 633 975 500 975 367 929 254 838 162M808 192C892 279 933 379 933 500 933 621 892 725 808 808 725 892 621 938 500 938 379 938 279 896 196 808 113 725 67 621 67 500 67 379 108 279 196 192 279 108 383 62 500 62 621 62 721 108 808 192M438 392V642L642 517 438 392Z\"><\/path><\/svg>\t\t\t\t\t\t\t<span class=\"elementor-screen-only\">Play Video<\/span>\n\t\t\t\t\t\t<\/div>\n\t\t\t\t\t\t\t\t\t<\/div>\n\t\t\t\t\t<\/div>\n\t\t\t\t<\/div>\n\t\t\t\t<\/div>\n\t\t\t\t<\/div>\n\t\t\t\t\t<\/div>\n\t\t\t\t<\/div>\n\t\t<div class=\"elementor-element elementor-element-12232c07 elementor-hidden-desktop elementor-hidden-tablet elementor-hidden-mobile e-flex e-con-boxed e-con e-parent\" data-id=\"12232c07\" data-element_type=\"container\">\n\t\t\t\t\t<div class=\"e-con-inner\">\n\t\t<div class=\"elementor-element elementor-element-7874ba6c e-con-full e-flex e-con e-child\" data-id=\"7874ba6c\" data-element_type=\"container\">\n\t\t\t\t<div class=\"elementor-element elementor-element-6174c581 text-left elementor-widget__width-initial elementor-widget elementor-widget-tp-heading-title\" data-id=\"6174c581\" data-element_type=\"widget\" data-widget_type=\"tp-heading-title.default\">\n\t\t\t\t<div class=\"elementor-widget-container\">\n\t\t\t<div class=\"heading heading_style heading_style6a0664d13fb6d style-8 animate-general\"  data-animate-type=\"transition.fadeIn\" data-animate-delay=\"50\" data-animate-offset=\"85%\"><div class=\"sub-style\" ><div class=\"head-title \" > <h2  class=\"heading-title   \"  data-hover=\"Landtagswahlen:  Unsere Kandidaten\">Landtagswahlen:  Unsere Kandidaten<\/h2><\/div><div class=\"sub-heading\"><h3 class=\"heading-sub-title  \"> 2024 <\/h3><\/div><\/div><\/div>\t\t<\/div>\n\t\t\t\t<\/div>\n\t\t\t\t<\/div>\n\t\t\t\t\t<\/div>\n\t\t\t\t<\/div>\n\t\t<div class=\"elementor-element elementor-element-22a77faf elementor-hidden-desktop elementor-hidden-tablet elementor-hidden-mobile e-flex e-con-boxed e-con e-parent\" data-id=\"22a77faf\" data-element_type=\"container\">\n\t\t\t\t\t<div class=\"e-con-inner\">\n\t\t\t\t\t<\/div>\n\t\t\t\t<\/div>\n\t\t<div class=\"elementor-element elementor-element-18b89b8e e-flex e-con-boxed e-con e-parent\" data-id=\"18b89b8e\" data-element_type=\"container\">\n\t\t\t\t\t<div class=\"e-con-inner\">\n\t\t<div class=\"elementor-element elementor-element-61728d1b e-con-full e-flex e-con e-child\" data-id=\"61728d1b\" data-element_type=\"container\">\n\t\t\t\t<div class=\"elementor-element elementor-element-6d57d977 text-left elementor-widget__width-initial elementor-widget elementor-widget-tp-heading-title\" data-id=\"6d57d977\" data-element_type=\"widget\" data-widget_type=\"tp-heading-title.default\">\n\t\t\t\t<div class=\"elementor-widget-container\">\n\t\t\t<div class=\"heading heading_style heading_style6a0664d13ff12 style-8 \" ><div class=\"sub-style\" ><div class=\"head-title \" > <h2  class=\"heading-title   \"  data-hover=\"AKTUELLE&lt;p&gt;\">AKTUELLE<p><\/h2><\/div><div class=\"sub-heading\"><h3 class=\"heading-sub-title  \"> Nachrichten <\/h3><\/div><\/div><\/div>\t\t<\/div>\n\t\t\t\t<\/div>\n\t\t\t\t<\/div>\n\t\t<div class=\"elementor-element elementor-element-18c9ea5c e-flex e-con-boxed e-con e-child\" data-id=\"18c9ea5c\" data-element_type=\"container\">\n\t\t\t\t\t<div class=\"e-con-inner\">\n\t\t\t\t<div class=\"elementor-element elementor-element-4c11822b elementor-widget elementor-widget-button\" data-id=\"4c11822b\" data-element_type=\"widget\" data-widget_type=\"button.default\">\n\t\t\t\t<div class=\"elementor-widget-container\">\n\t\t\t\t\t\t\t<div class=\"elementor-button-wrapper\">\n\t\t\t\t\t<a class=\"elementor-button elementor-button-link elementor-size-sm\" href=\"#\">\n\t\t\t\t\t\t<span class=\"elementor-button-content-wrapper\">\n\t\t\t\t\t\t\t\t\t<span class=\"elementor-button-text\">alle Nachrichten<\/span>\n\t\t\t\t\t<\/span>\n\t\t\t\t\t<\/a>\n\t\t\t\t<\/div>\n\t\t\t\t\t\t<\/div>\n\t\t\t\t<\/div>\n\t\t\t\t\t<\/div>\n\t\t\t\t<\/div>\n\t\t\t\t\t<\/div>\n\t\t\t\t<\/div>\n\t\t<div class=\"elementor-element elementor-element-68745a8b e-flex e-con-boxed e-con e-parent\" data-id=\"68745a8b\" data-element_type=\"container\">\n\t\t\t\t\t<div class=\"e-con-inner\">\n\t\t\t\t<div class=\"elementor-element elementor-element-31570e49 elementor-grid-tablet-1 elementor-grid-3 elementor-grid-mobile-1 elementor-posts--thumbnail-top elementor-card-shadow-yes elementor-posts__hover-gradient elementor-widget elementor-widget-posts\" data-id=\"31570e49\" data-element_type=\"widget\" data-settings=\"{&quot;cards_columns_tablet&quot;:&quot;1&quot;,&quot;cards_columns&quot;:&quot;3&quot;,&quot;cards_columns_mobile&quot;:&quot;1&quot;,&quot;cards_row_gap&quot;:{&quot;unit&quot;:&quot;px&quot;,&quot;size&quot;:35,&quot;sizes&quot;:[]},&quot;cards_row_gap_tablet&quot;:{&quot;unit&quot;:&quot;px&quot;,&quot;size&quot;:&quot;&quot;,&quot;sizes&quot;:[]},&quot;cards_row_gap_mobile&quot;:{&quot;unit&quot;:&quot;px&quot;,&quot;size&quot;:&quot;&quot;,&quot;sizes&quot;:[]}}\" data-widget_type=\"posts.cards\">\n\t\t\t\t<div class=\"elementor-widget-container\">\n\t\t\t\t\t<div class=\"elementor-posts-container elementor-posts elementor-posts--skin-cards elementor-grid\">\n\t\t\t\t<article class=\"elementor-post elementor-grid-item post-84 post type-post status-publish format-standard has-post-thumbnail hentry category-allgemein\">\n\t\t\t<div class=\"elementor-post__card\">\n\t\t\t\t<a class=\"elementor-post__thumbnail__link\" href=\"https:\/\/werteunion.s4008.hqgmbh.eu\/?p=84\" tabindex=\"-1\" ><div class=\"elementor-post__thumbnail\"><img fetchpriority=\"high\" decoding=\"async\" width=\"300\" height=\"180\" src=\"https:\/\/werteunion.s4008.hqgmbh.eu\/wp-content\/uploads\/2024\/08\/457143255_26436359972674500_3591867055825002982_n-300x180.jpg\" class=\"attachment-medium size-medium wp-image-85\" alt=\"\" srcset=\"https:\/\/werteunion.s4008.hqgmbh.eu\/wp-content\/uploads\/2024\/08\/457143255_26436359972674500_3591867055825002982_n-300x180.jpg 300w, https:\/\/werteunion.s4008.hqgmbh.eu\/wp-content\/uploads\/2024\/08\/457143255_26436359972674500_3591867055825002982_n-1024x616.jpg 1024w, https:\/\/werteunion.s4008.hqgmbh.eu\/wp-content\/uploads\/2024\/08\/457143255_26436359972674500_3591867055825002982_n-768x462.jpg 768w, https:\/\/werteunion.s4008.hqgmbh.eu\/wp-content\/uploads\/2024\/08\/457143255_26436359972674500_3591867055825002982_n-1536x924.jpg 1536w, https:\/\/werteunion.s4008.hqgmbh.eu\/wp-content\/uploads\/2024\/08\/457143255_26436359972674500_3591867055825002982_n.jpg 1600w\" sizes=\"(max-width: 300px) 100vw, 300px\" \/><\/div><\/a>\n\t\t\t\t<div class=\"elementor-post__text\">\n\t\t\t\t<h3 class=\"elementor-post__title\">\n\t\t\t<a href=\"https:\/\/werteunion.s4008.hqgmbh.eu\/?p=84\" >\n\t\t\t\tImpressionen vom Miteinander Reden Tag in Weimar\t\t\t<\/a>\n\t\t<\/h3>\n\t\t\t\t<div class=\"elementor-post__excerpt\">\n\t\t\t<p>Impressionen vom Miteinander Reden Tag in Weimar auf dem Marktplatz! Danke an unser Team und danke an alle Redner und G\u00e4ste! &nbsp;<\/p>\n\t\t<\/div>\n\t\t\n\t\t<a class=\"elementor-post__read-more\" href=\"https:\/\/werteunion.s4008.hqgmbh.eu\/?p=84\" aria-label=\"Read more about Impressionen vom Miteinander Reden Tag in Weimar\" tabindex=\"-1\" >\n\t\t\tWeiterlesen \u00bb\t\t<\/a>\n\n\t\t\t\t<\/div>\n\t\t\t\t<div class=\"elementor-post__meta-data\">\n\t\t\t\t\t<span class=\"elementor-post-date\">\n\t\t\t21. November 2024\t\t<\/span>\n\t\t\t\t<span class=\"elementor-post-avatar\">\n\t\t\tNo Comments\t\t<\/span>\n\t\t\t\t<\/div>\n\t\t\t\t\t<\/div>\n\t\t<\/article>\n\t\t\t\t<article class=\"elementor-post elementor-grid-item post-45 post type-post status-publish format-standard has-post-thumbnail hentry category-allgemein\">\n\t\t\t<div class=\"elementor-post__card\">\n\t\t\t\t<a class=\"elementor-post__thumbnail__link\" href=\"https:\/\/werteunion.s4008.hqgmbh.eu\/?p=45\" tabindex=\"-1\" ><div class=\"elementor-post__thumbnail\"><img decoding=\"async\" width=\"300\" height=\"183\" src=\"https:\/\/werteunion.s4008.hqgmbh.eu\/wp-content\/uploads\/2024\/11\/Gruendung-Thueringen-300x183.jpg\" class=\"attachment-medium size-medium wp-image-48\" alt=\"\" srcset=\"https:\/\/werteunion.s4008.hqgmbh.eu\/wp-content\/uploads\/2024\/11\/Gruendung-Thueringen-300x183.jpg 300w, https:\/\/werteunion.s4008.hqgmbh.eu\/wp-content\/uploads\/2024\/11\/Gruendung-Thueringen-1024x625.jpg 1024w, https:\/\/werteunion.s4008.hqgmbh.eu\/wp-content\/uploads\/2024\/11\/Gruendung-Thueringen-768x468.jpg 768w, https:\/\/werteunion.s4008.hqgmbh.eu\/wp-content\/uploads\/2024\/11\/Gruendung-Thueringen.jpg 1200w\" sizes=\"(max-width: 300px) 100vw, 300px\" \/><\/div><\/a>\n\t\t\t\t<div class=\"elementor-post__text\">\n\t\t\t\t<h3 class=\"elementor-post__title\">\n\t\t\t<a href=\"https:\/\/werteunion.s4008.hqgmbh.eu\/?p=45\" >\n\t\t\t\tLandesverband Th\u00fcringen gegr\u00fcndet\t\t\t<\/a>\n\t\t<\/h3>\n\t\t\t\t<div class=\"elementor-post__excerpt\">\n\t\t\t<p>Sonntag, 7.April 2023. Ein weiterer Meilenstein f\u00fcr die WerteUnion: F\u00fcr Th\u00fcringen wurde der deutschlandweit erste Landesverband der Partei von den bei Bad Bebra versammelten Gr\u00fcndungsmitgliedern<\/p>\n\t\t<\/div>\n\t\t\n\t\t<a class=\"elementor-post__read-more\" href=\"https:\/\/werteunion.s4008.hqgmbh.eu\/?p=45\" aria-label=\"Read more about Landesverband Th\u00fcringen gegr\u00fcndet\" tabindex=\"-1\" >\n\t\t\tWeiterlesen \u00bb\t\t<\/a>\n\n\t\t\t\t<\/div>\n\t\t\t\t<div class=\"elementor-post__meta-data\">\n\t\t\t\t\t<span class=\"elementor-post-date\">\n\t\t\t21. November 2024\t\t<\/span>\n\t\t\t\t<span class=\"elementor-post-avatar\">\n\t\t\tNo Comments\t\t<\/span>\n\t\t\t\t<\/div>\n\t\t\t\t\t<\/div>\n\t\t<\/article>\n\t\t\t\t<article class=\"elementor-post elementor-grid-item post-41 post type-post status-publish format-standard has-post-thumbnail hentry category-allgemein\">\n\t\t\t<div class=\"elementor-post__card\">\n\t\t\t\t<a class=\"elementor-post__thumbnail__link\" href=\"https:\/\/werteunion.s4008.hqgmbh.eu\/?p=41\" tabindex=\"-1\" ><div class=\"elementor-post__thumbnail\"><img loading=\"lazy\" decoding=\"async\" width=\"300\" height=\"183\" src=\"https:\/\/werteunion.s4008.hqgmbh.eu\/wp-content\/uploads\/2024\/11\/Maassen-und-Weiler-beim-Waldkampftag-Politisches-Aufgebot-in-St.-Gangloff-300x183.jpg\" class=\"attachment-medium size-medium wp-image-44\" alt=\"\" srcset=\"https:\/\/werteunion.s4008.hqgmbh.eu\/wp-content\/uploads\/2024\/11\/Maassen-und-Weiler-beim-Waldkampftag-Politisches-Aufgebot-in-St.-Gangloff-300x183.jpg 300w, https:\/\/werteunion.s4008.hqgmbh.eu\/wp-content\/uploads\/2024\/11\/Maassen-und-Weiler-beim-Waldkampftag-Politisches-Aufgebot-in-St.-Gangloff-1024x625.jpg 1024w, https:\/\/werteunion.s4008.hqgmbh.eu\/wp-content\/uploads\/2024\/11\/Maassen-und-Weiler-beim-Waldkampftag-Politisches-Aufgebot-in-St.-Gangloff-768x468.jpg 768w, https:\/\/werteunion.s4008.hqgmbh.eu\/wp-content\/uploads\/2024\/11\/Maassen-und-Weiler-beim-Waldkampftag-Politisches-Aufgebot-in-St.-Gangloff.jpg 1200w\" sizes=\"(max-width: 300px) 100vw, 300px\" \/><\/div><\/a>\n\t\t\t\t<div class=\"elementor-post__text\">\n\t\t\t\t<h3 class=\"elementor-post__title\">\n\t\t\t<a href=\"https:\/\/werteunion.s4008.hqgmbh.eu\/?p=41\" >\n\t\t\t\tMaa\u00dfen und Weiler beim Waldkampftag: Politisches Aufgebot in St. Gangloff\t\t\t<\/a>\n\t\t<\/h3>\n\t\t\t\t<div class=\"elementor-post__excerpt\">\n\t\t\t<p>Hans-Georg Maa\u00dfen und Albert Weiler besuchten am 4.Mai den diesj\u00e4hrigen Waldkampftag im th\u00fcringischen St. Gangloff. Sowohl der Vorsitzende der WerteUnion Hans-Georg Maa\u00dfen und auch sein<\/p>\n\t\t<\/div>\n\t\t\n\t\t<a class=\"elementor-post__read-more\" href=\"https:\/\/werteunion.s4008.hqgmbh.eu\/?p=41\" aria-label=\"Read more about Maa\u00dfen und Weiler beim Waldkampftag: Politisches Aufgebot in St. Gangloff\" tabindex=\"-1\" >\n\t\t\tWeiterlesen \u00bb\t\t<\/a>\n\n\t\t\t\t<\/div>\n\t\t\t\t<div class=\"elementor-post__meta-data\">\n\t\t\t\t\t<span class=\"elementor-post-date\">\n\t\t\t21. November 2024\t\t<\/span>\n\t\t\t\t<span class=\"elementor-post-avatar\">\n\t\t\tNo Comments\t\t<\/span>\n\t\t\t\t<\/div>\n\t\t\t\t\t<\/div>\n\t\t<\/article>\n\t\t\t\t<\/div>\n\t\t\n\t\t\t\t<\/div>\n\t\t\t\t<\/div>\n\t\t\t\t\t<\/div>\n\t\t\t\t<\/div>\n\t\t<div class=\"elementor-element elementor-element-3f50fd46 e-flex e-con-boxed elementor-invisible e-con e-parent\" data-id=\"3f50fd46\" data-element_type=\"container\" data-settings=\"{&quot;background_background&quot;:&quot;classic&quot;,&quot;animation&quot;:&quot;fadeInUp&quot;}\">\n\t\t\t\t\t<div class=\"e-con-inner\">\n\t\t<div class=\"elementor-element elementor-element-41e361d5 e-con-full e-flex e-con e-child\" data-id=\"41e361d5\" data-element_type=\"container\">\n\t\t\t\t<\/div>\n\t\t<div class=\"elementor-element elementor-element-6453036c e-con-full e-flex e-con e-child\" data-id=\"6453036c\" data-element_type=\"container\">\n\t\t\t\t<\/div>\n\t\t<div class=\"elementor-element elementor-element-61b7d6cb e-con-full e-flex e-con e-child\" data-id=\"61b7d6cb\" data-element_type=\"container\">\n\t\t\t\t<\/div>\n\t\t\t\t\t<\/div>\n\t\t\t\t<\/div>\n\t\t<div class=\"elementor-element elementor-element-2bb36f1 e-flex e-con-boxed e-con e-parent\" data-id=\"2bb36f1\" data-element_type=\"container\">\n\t\t\t\t\t<div class=\"e-con-inner\">\n\t\t<div class=\"elementor-element elementor-element-33fcf9a3 e-con-full e-flex e-con e-child\" data-id=\"33fcf9a3\" data-element_type=\"container\">\n\t\t\t\t<\/div>\n\t\t<div class=\"elementor-element elementor-element-6941c717 e-con-full e-flex e-con e-child\" data-id=\"6941c717\" data-element_type=\"container\">\n\t\t\t\t<\/div>\n\t\t\t\t\t<\/div>\n\t\t\t\t<\/div>\n\t\t\t\t<\/div>\n\t\t","protected":false},"excerpt":{"rendered":"<p>Liebe&nbsp; Besucher der WerteUnion Th\u00fcringen, herzlich willkommen auf der offiziellen Webseite des Landesverbandes Th\u00fcringen der Werteunion! Hier finden Sie alle Informationen zu unserer politischen Arbeit, unseren Zielen und unserem Engagement f\u00fcr ein starkes und zukunftsorientiertes Th\u00fcringen. Im Mittelpunkt unserer Bestrebungen steht unser Spitzenkandidat Albert Weiler. Als erfahrener Politiker und leidenschaftlicher Verfechter konservativer Werte setzt er [&hellip;]<\/p>\n","protected":false},"author":1,"featured_media":80,"parent":0,"menu_order":0,"comment_status":"closed","ping_status":"closed","template":"","meta":{"footnotes":""},"class_list":["post-75","page","type-page","status-publish","has-post-thumbnail","hentry"],"_links":{"self":[{"href":"https:\/\/werteunion.s4008.hqgmbh.eu\/index.php?rest_route=\/wp\/v2\/pages\/75","targetHints":{"allow":["GET"]}}],"collection":[{"href":"https:\/\/werteunion.s4008.hqgmbh.eu\/index.php?rest_route=\/wp\/v2\/pages"}],"about":[{"href":"https:\/\/werteunion.s4008.hqgmbh.eu\/index.php?rest_route=\/wp\/v2\/types\/page"}],"author":[{"embeddable":true,"href":"https:\/\/werteunion.s4008.hqgmbh.eu\/index.php?rest_route=\/wp\/v2\/users\/1"}],"replies":[{"embeddable":true,"href":"https:\/\/werteunion.s4008.hqgmbh.eu\/index.php?rest_route=%2Fwp%2Fv2%2Fcomments&post=75"}],"version-history":[{"count":4,"href":"https:\/\/werteunion.s4008.hqgmbh.eu\/index.php?rest_route=\/wp\/v2\/pages\/75\/revisions"}],"predecessor-version":[{"id":140,"href":"https:\/\/werteunion.s4008.hqgmbh.eu\/index.php?rest_route=\/wp\/v2\/pages\/75\/revisions\/140"}],"wp:featuredmedia":[{"embeddable":true,"href":"https:\/\/werteunion.s4008.hqgmbh.eu\/index.php?rest_route=\/wp\/v2\/media\/80"}],"wp:attachment":[{"href":"https:\/\/werteunion.s4008.hqgmbh.eu\/index.php?rest_route=%2Fwp%2Fv2%2Fmedia&parent=75"}],"curies":[{"name":"wp","href":"https:\/\/api.w.org\/{rel}","templated":true}]}}